 remainder when 59 is divided by i.
15
What is the remainder when 65 is divided by 8/(104/531) - 4/(-26)?
24
Let g(p) = -p**3 - 6*p**2 + 4*p - 5. Suppose -3 = 3*w, 3*u + 0*w + 25 = -4*w. Calculate the remainder when g(u) is divided by 6.
4
Let h be (-17)/(-4) - 60/(-80). Let u(p) = -p**3 + 7*p**2 - 6*p - 5. Calculate the remainder when 27 is divided by u(h).
12
Let l = 25 + -41. Let v = l + 19. What is the remainder when (-1)/((-12)/(-14) - 1) is divided by v?
1
Suppose 21 = 4*w - 5*x, -3*x - 27 = -3*w - w. Suppose -w = -3*b, 0*j + 2*j + b - 19 = 0. Calculate the remainder when (-6)/j*(-2 - 42) is divided by 12.
9
Calculate the remainder when -8 - ((-5)/(-5) - 81) is divided by 56.
16
Suppose 2*n = 17*n - 30. Let y(m) = 14*m + 9. Let x(r) = 7*r + 5. Let w(a) = -7*x(a) + 4*y(a). What is the remainder when 59 is divided by w(n)?
14
Let l(v) = 19*v**3 + 4*v**2 - 2*v - 1. Suppose -7 = -15*i + 8*i. What is the remainder when 78 is divided by l(i)?
18
What is the remainder when 47 is divided by ((-6)/4)/((-21)/140)?
7
Suppose y + 54 = 3*y. What is the remainder when 726 is divided by y?
24
What is the remainder when ((-3)/(-2))/(8*5/2160) is divided by 25?
6
Suppose -m - 4*m = 370. What is the remainder when 5 - m - (-4)/1 is divided by 21?
20
Let x(r) = 6*r**2 + r + 5. What is the remainder when x(-2) is divided by 10?
7
Let a be (-2)/2*(-10 + 7). Suppose 0 = -z + 5 - a. Suppose -z*k - 2*j = -110, 5*k + 3*j = 209 + 62. What is the remainder when k is divided by 18?
17
Suppose 0*l = -4*l + 80. Suppose 2*r - 3*r + l = 0. Suppose -r*z + 27 = -17*z. What is the remainder when z is divided by 6?
3
Let z = 85 - 47. Calculate the remainder when z is divided by 8.
6
Suppose -29 = -16*r + 83. What is the remainder when 37 is divided by r?
2
Let y(f) = f**2 - 2*f - 11. Let r be y(8). Let l = -29 + r. Let a = -4 - -7. What is the remainder when l is divided by a?
2
Suppose -7*u = 4 - 4. Suppose u = 3*f - 2*a - 30, 2*f - a - 31 = 4*a. What is the remainder when 38 is divided by f?
6
Let t = 104 - 63. Let g = 13 + -11. Suppose 1 + 4 = x, j + g*x = 24. What is the remainder when t is divided by j?
13
Suppose 0*c = -5*c + 180. Suppose -j + 3 + c = 0. What is the remainder when j is divided by 22/55 - 103/(-5)?
18
Let v(n) = 2*n - 3. What is the remainder when v(3) is divided by (-82 - -58)*1/(-8)?
0
Let h(p) = 9*p + 33. Let x be h(-3). Let k(d) = d**2 + 3*d + 19. Calculate the remainder when k(x) is divided by 19.
16
Let k = 39 + -28. Suppose -9*s + 5*s = -5*z + 85, 100 = 5*z - s. What is the remainder when z is divided by k?
10
Calculate the remainder when 75*(29/21 - 20/(-70)) is divided by 64.
61
Let g(l) = -2*l - 12. Let t be g(-8). Suppose -t*p + s + 893 = -0*s, 4*p = -3*s + 889. What is the remainder when p is divided by 32?
31
Suppose -482 = -5*c - 3*n, 0 = -51*c + 52*c + 2*n - 88. Suppose g + 33 = 2*p, 36 = 2*p + 4*g - 2*g. What is the remainder when c is divided by p?
15
Suppose 0 = 2*c - 5*c. Suppose 2*o + o - 156 = c. What is the remainder when o is divided by 11?
8
Let l = -398 + 283. Let a = -4022 - -4038. What is the remainder when (3 - l)*1/2 is divided by a?
11
Let n(b) = 391*b + 68. Let r(i) = -17*i - 3. Let v(o) = -3*n(o) - 68*r(o). Let k be v(1). What is the remainder when 48 + k + 1*3 is divided by 9?
7
Let u(d) = -10 - 5 - 58*d**2 + 6 + 59*d**2 + 3*d. What is the remainder when 34 is divided by u(3)?
7
Let o(f) = -f + 21. Let s be o(9). What is the remainder when 46 is divided by 14 - (s/5 + (-6)/15)?
10
Suppose 3*t = 3*d + 129, 0 = 3*d - 2*t - 2*t + 131. Let u = -28 - d. What is the remainder when 75 is divided by u?
10
Suppose 0 = -s + 7 - 3. Suppose 9 = -5*k - 2*f + 4*f, 2*k + 3*f - s = 0. What is the remainder when 18 is divided by 3 - (0 - 0) - k?
2
What is the remainder when 87/203 + (-11)/(-7) is divided by 1?
0
Let z(w) = 2*w**2 + 3*w**2 + 72 - 6*w + 2*w**2 - w**3 - 51. What is the remainder when z(6) is divided by 6?
3
Calculate the remainder when 50 is divided by 10/6*(7 - -47)/2.
5
Let k(m) = -423*m - 286. What is the remainder when k(-3) is divided by 123?
122
Calculate the remainder when 39 is divided by (1/(4/(-20)))/(0 + -1).
4
Suppose 46 - 21 = 5*a. Suppose a*s + 154 = 2*t - t, 2*t + s = 253. What is the remainder when t is divided by 44?
41
Calculate the remainder when 440 is divided by 1 + 8 - (-2880)/72.
48
Let g be (-1)/(-1) + 2 + -1. Let x be (-2)/7 + 46/14 - -3. Let a = x + g. Calculate the remainder when 22 is divided by a.
6
Suppose -5*r - 20 = 0, -3*u + 5*r = -u - 26. What is the remainder when (u/(-6))/((-3)/66) is divided by (-4 - -6)/((-11)/(-22))?
3
Let z(w) = w**2 - 2*w. Let t be z(2). Suppose 5*k = -0*o - o + 60, -2*o + 5*k + 60 = t. Calculate the remainder when 46 is divided by 648/o + (-2)/10.
14
Let x(b) = 7*b**2 + 2*b. Calculate the remainder when x(3) is divided by 11.
3
Let i be (13 - 15)*(-1 + 3 + -1). Let v(b) = -b**3 + b**2 - b. What is the remainder when 51 is divided by v(i)?
9
Suppose 5*f - 286 = -6*f. Calculate the remainder when 99 is divided by f.
21
Suppose i + 3 = 0, u - 38 = -i + 53. What is the remainder when u is divided by 14?
10
What is the remainder when -47 - -39 - (-993 - 0) is divided by 76?
73
Suppose 0*y - 40 = y. What is the remainder when (-4*(-4)/(-20) + -2)*y is divided by 23?
20
Suppose 0 = -14*d + 773 - 255. What is the remainder when 126 is divided by d?
15
Let f = -16 - -24. Suppose 4*q - 2*x = -x + 9, -2*x = -q - 3. Calculate the remainder when (2 - 3)*f/(-1) is divided by q.
2
Suppose 5*h - 774 = 3*r + 186, -2*r = -3*h + 577. What is the remainder when h is divided by 38?
37
Suppose -102 = -2*x - 18. Calculate the remainder when 178 is divided by x.
10
Let m = 73 - 71. Let o(y) = 3 - y + 2*y**2 - y**3 + y + 3*y. What is the remainder when o(3) is divided by m?
1
Suppose -15 = -2*j + j. Let k be 360/(-16)*(-12)/(-9). What is the remainder when j is divided by 1 - 0 - k/6?
3
Let l = 106 + -71. Let i(w) = -w**2 - w - 33 + 5*w**2 + 0*w**2 + 31. What is the remainder when l is divided by i(2)?
11
Calculate the remainder when 58 is divided by (-48)/18*27/(-6).
10
Suppose -3*a + d = 14, -10 = 4*a + d + 4. Let j(s) = s**3 + 5*s**2 - s - 3. Suppose -403 = -13*f - 0*f. Calculate the remainder when f is divided by j(a).
14
Let f = 73 - 70. Calculate the remainder when 51 is divided by ((-108)/(-3))/f - 3.
6
Let q = -2 - -10. Suppose -q*r = -3*r - 10. What is the remainder when (1/(-2))/(8/32) - -4 is divided by r?
0
Let l(b) = -b**2 + 8*b + 9. Suppose -2*f + 5 - 1 = 4*k, 0 = 2*f - 3*k - 25. Let y be l(f). Suppose -3*m = y - 63. What is the remainder when 69 is divided by m?
15
Suppose 0 = p - 5*r + 11 + 4, -2*p - 4*r = 86. Calculate the remainder when 19 is divided by (-7)/p + 68/10.
5
Suppose 18 = 3*m - 57. Calculate the remainder when 149 is divided by m.
24
Let j(o) = 4*o**2 - 17*o - 67. What is the remainder when j(-5) is divided by 15?
13
Let m = 68 + -63. Suppose -193 + 183 = -m*h. Suppose -16 = -4*l + 2*t, -4*l = -t - 12 - 6. Calculate the remainder when l is divided by h.
1
Let u(g) = -10*g**2 - 5*g**3 - 12 + 4*g**3 - 14*g - 5. Calculate the remainder when u(-9) is divided by 16.
12
Let l(k) = k**2 - 22*k - 124. Calculate the remainder when 219 is divided by l(-6).
43
Suppose 58 = 3*x + 5*d - 44, -2*x - 4*d + 70 = 0. What is the remainder when 1185 is divided by x?
25
Let c = -919 - -947. Calculate the remainder when 444 is divided by c.
24
Suppose -3*a - 13 = -4. Calculate the remainder when 12 is divided by ((-24)/(-16))/(a/(-10)).
2
Let g(o) = -11*o**2 + 3*o - 1. Let t be g(-2). Let l be (56/(-35))/(2/(-135)). Let n = t + l. What is the remainder when n is divided by 30?
27
Let z be 150/(-15) + 4/(-2). Let u be (-9)/z + (-405)/(-4). Suppose -3*s + 5*s = u. What is the remainder when s is divided by 18?
15
Suppose -4*p = -4 - 112. Suppose -4*n - 5 - 11 = 0, -2*n = -3*d + p. Calculate the remainder when -1 + 1 - (0 + -12) is divided by d.
5
Calculate the remainder when (0 - -1)/(110/67100) is divided by 9.
7
Let x(o) = -o - 18. Let w be x(-22). Let b(n) = 9*n + 12. Calculate the remainder when b(w) is divided by 27.
21
Let b = 536 + -298. Suppose b = 5*j - 22. Calculate the remainder when 203 is divided by j.
47
Let s(w) = w**2 + 69*w + 460. Let t = 16 - 9. Calculate the 